e thousands digit of 128578?
8
What is the ten thousands digit of 28220?
2
What is the ten thousands digit of 117291?
1
What is the tens digit of 4572?
7
What is the hundreds digit of 1860?
8
What is the tens digit of 1455?
5
What is the tens digit of 3073?
7
What is the tens digit of 596?
9
What is the ten thousands digit of 66805?
6
What is the ten thousands digit of 40348?
4
What is the units digit of 9?
9
What is the tens digit of 674?
7
What is the tens digit of 22564?
6
What is the units digit of 29099?
9
What is the tens digit of 486?
8
What is the units digit of 11744?
4
What is the tens digit of 76331?
3
What is the units digit of 410?
0
What is the hundreds digit of 1452?
4
What is the ten thousands digit of 26814?
2
What is the units digit of 149606?
6
What is the units digit of 25853?
3
What is the tens digit of 578?
7
What is the thousands digit of 4778?
4
What is the units digit of 17941?
1
What is the thousands digit of 1030?
1
What is the ten thousands digit of 31508?
3
What is the thousands digit of 81527?
1
What is the units digit of 156?
6
What is the ten thousands digit of 46081?
4
What is the units digit of 70181?
1
What is the hundreds digit of 72884?
8
What is the tens digit of 2543?
4
What is the units digit of 24327?
7
What is the hundreds digit of 136561?
5
What is the tens digit of 1209?
0
What is the hundreds digit of 31432?
4
What is the tens digit of 1992?
9
What is the units digit of 67052?
2
What is the thousands digit of 5880?
5
What is the tens digit of 1194?
9
What is the tens digit of 333?
3
What is the hundreds digit of 344?
3
What is the thousands digit of 1483?
1
What is the thousands digit of 8365?
8
What is the ten thousands digit of 123748?
2
What is the hundreds digit of 6239?
2
What is the ten thousands digit of 38600?
3
What is the hundreds digit of 7349?
3
What is the units digit of 1771?
1
What is the thousands digit of 2410?
2
What is the tens digit of 28547?
4
What is the thousands digit of 5684?
5
What is the hundreds digit of 11747?
7
What is the thousands digit of 8904?
8
What is the tens digit of 43856?
5
What is the thousands digit of 1839?
1
What is the ten thousands digit of 17149?
1
What is the hundreds digit of 11131?
1
What is the tens digit of 2939?
3
What is the thousands digit of 2934?
2
What is the units digit of 2032?
2
What is the units digit of 57277?
7
What is the thousands digit of 25532?
5
What is the thousands digit of 18272?
8
What is the units digit of 93147?
7
What is the tens digit of 2241?
4
What is the tens digit of 2355?
5
What is the tens digit of 675?
7
What is the hundreds digit of 1593?
5
What is the tens digit of 977?
7
What is the hundreds digit of 3534?
5
What is the thousands digit of 7835?
7
What is the thousands digit of 2255?
2
What is the units digit of 55861?
1
What is the units digit of 482?
2
What is the thousands digit of 11371?
1
What is the ten thousands digit of 13041?
1
What is the hundreds digit of 972?
9
What is the thousands digit of 3913?
3
What is the thousands digit of 7194?
7
What is the tens digit of 10707?
0
What is the units digit of 3063?
3
What is the units digit of 6625?
5
What is the tens digit of 380?
8
What is the units digit of 568?
8
What is the ten thousands digit of 21887?
2
What is the units digit of 6696?
6
What is the hundreds digit of 720?
7
What is the hundreds digit of 339?
3
What is the thousands digit of 95178?
5
What is the tens digit of 39249?
4
What is the hundreds digit of 759?
7
What is the tens digit of 76262?
6
What is the units digit of 7798?
8
What is the hundreds digit of 14163?
1
What is the hundreds digit of 1308?
3
What is the tens digit of 4480?
8
What is the hundred thousands digit of 165346?
1
What is the tens digit of 41709?
0
What is the hundreds digit of 8012?
0
What is the hundreds digit of 10479?
4
What is the ten thousands digit of 72430?
7
What is the units digit of 58632?
2
What is the tens digit of 6639?
3
What is the hundreds digit of 72278?
2
What is the hundreds digit of 1901?
9
What is the tens digit of 6092?
9
What is the tens digit of 1091?
9
What is the hundreds digit of 4659?
6
What is the hundreds digit of 1461?
4
What is the ten thousands digit of 10684?
1
What is the ten thousands digit of 21015?
2
What is the tens digit of 24112?
1
What is the hundreds digit of 11008?
0
What is the hundreds digit of 1831?
8
What is the hundreds digit of 32276?
2
What is the hundreds digit of 131723?
7
What is the thousands digit of 1447?
1
What is the hundreds digit of 2070?
0
What is the hundreds digit of 95801?
8
What is the thousands digit of 76667?
6
What is the hundreds digit of 379?
3
What is the hundreds digit of 340?
3
What is the units digit of 113542?
2
What is the units digit of 585?
5
What is the hundreds digit of 378?
3
What is the hundreds digit of 12009?
0
What is the hundreds digit of 919?
9
What is the thousands digit of 3925?
3
What is the tens digit of 58167?
6
What is the hundreds digit of 127049?
0
What is the hundreds digit of 485?
4
What is the hundreds digit of 2968?
9
What is the hundreds digit of 537?
5
What is the units digit of 5455?
5
What is the hundreds digit of 137?
1
What is the ten thousands digit of 19776?
1
What is the ten thousands digit of 58070?
5
What is the ten thousands digit of 86649?
8
What is the tens digit of 1145?
4
What is the hundreds digit of 8377?
3
What is the thousands digit of 16130?
6
What is the tens digit of 57803?
0
What is the units digit of 1035?
5
What is the thousands digit of 10879?
0
What is the units digit of 9560?
0
What is the hundreds digit of 2279?
2
What is the thousands digit of 12254?
2
What is the units digit of 4442?
2
What is the ten thousands digit of 14417?
1
What is the units digit of 27704?
4
What is the tens digit of 3812?
1
What is the tens digit of 75282?
8
What is the tens digit of 5498?
9
What is the hundreds digit of 41778?
7
What is the tens digit of 1990?
9
What is the hundreds digit of 32720?
7
What is the units digit of 39892?
2
What is the ten thousands digit of 68692?
6
What is the units digit of 1723?
3
What is the thousands digit of 32165?
2
What is the tens digit of 9341?
4
What is the hundreds digit of 191?
1
What is the thousands digit of 2380?
2
What is the tens digit of 8382?
8
What is the units digit of 848?
8
What is the ten thousands digit of 52560?
5
What is the thousands digit of 10301?
0
What is the units digit of 23596?
6
What is the units digit of 7692?
2
What is the thousands digit of 30307?
0
What is the tens digit of 627?
2
What is the units digit of 5189?
9
What is the thousands digit of 34739?
4
What is the units digit of 4015?
5
What is the units digit of 21245?
5
What is the units digit of 3674?
4
What is the tens digit of 932?
3
What is the hundreds digit of 15560?
5
What is the tens digit of 6230?
3
What is the units digit of 85011?
1
What is the units digit of 45144?
4
What is the thousands digit of 14429?
4
What is the hundreds digit of 1437?
4
What is the hundreds digit of 380?
3
What is the thousands digit of 50767?
0
What is the tens digit of 412?
1
What is the hundreds digit of 706?
7
What is the hundreds digit of 5392?
3
What is the thousands digit of 7081?
7
What is the tens digit of 861?
6
What is the thousands digit of 4106?
4
What is the tens digit of 5360?
6
What is the ten thousands digit of 34598?
3
What is the thousands digit of 54567?
4
What is the thousands digit of 1148?
1
What is the hundreds digit of 3416?
4
What is the units digit of 381?
1
What is the thousands digit of 6031?
6
What is the thousands digit of 95683?
5
What is the tens digit of 952?
5
What is the units digit of 1448?
8
What is the units digit of 2974?
4
What is the units digit of 10647?
7
What is the thousands digit of 20338?
0
What is the thousands digit of 1729?
1
What is the hundreds digit of 1492?
4
What is the units digit of 5229?
9
What is the thousands digit of 23297?
3
What is the ten thousands digit of 39491?
3
What is the hundreds digit of 2420?
4
What is the thousands digit of 3163?
3
What is the thousands digit of 3089?
3
What is the hundreds digit of 9589?
5
What is the hundreds digit of 78519?
5
What is the tens digit of 1473?
7
What is the thousands digit of 1416?
1
What is the unit